{"id":39,"date":"2021-04-07T15:30:21","date_gmt":"2021-04-07T13:30:21","guid":{"rendered":"http:\/\/plejada.romanisci.edu.pl\/nowa_strona2\/?page_id=39"},"modified":"2021-12-19T23:48:02","modified_gmt":"2021-12-19T22:48:02","slug":"2019-2","status":"publish","type":"page","link":"https:\/\/plejada.romanisci.edu.pl\/fr\/publications\/2019-2\/","title":{"rendered":"2019"},"content":{"rendered":"\n<p>Imi\u0119 i nazwisko: <strong>Monika Su\u0142kowska (r\u00e9d.)<\/strong><br><em>Frazeologia somatyczna w \u0107wiczeniach. Tom 1: J\u0119zyk francuski. Tom 2: J\u0119zyk hiszpa\u0144ski. Tom 3: J\u0119zyk w\u0142oski<\/em><br>Wyd. U\u015a, Katowice.<\/p>\n\n\n\n<p>Imi\u0119 i nazwisko : <strong>Krzysztof Jarosz (przek\u0142ad i opracowanie)<\/strong><br><em>Ananda Devi, Ewa ze swych zgliszcz<\/em><br>Wydawnictwo w Podw\u00f3rku &amp; Wyd. U\u015a, Gda\u0144sk-Katowice<\/p>\n\n\n\n<p>Imi\u0119 i nazwisko: <strong>Marta Sobieszewska<\/strong><br><em>Clart\u00e9 et pr\u00e9cision du discours juridique : proc\u00e9d\u00e9s r\u00e9f\u00e9rentiels dans les arr\u00eats de la Cour de Cassation, Wydawnictwo UMCS, Lublin<\/em><\/p>\n\n\n\n<p>Imi\u0119 i nazwisko: <strong>Sylwia Kucharuk<\/strong><br><em>Jean Anouilh. En qu\u00eate de la m\u00e9tath\u00e9\u00e2tralit\u00e9, Wydawnictwo UMCS, Lublin<\/em><\/p>\n\n\n\n<p>Imi\u0119 i nazwisko: <strong>Alicja Kacprzak<\/strong><br><em>La n\u00e9ologie de l\u2019adjectif en fran\u00e7ais actuel<\/em><br>Wydawnictwo Uniwersytetu \u0141\u00f3dzkiego, \u0141\u00f3d\u017a 2019.<\/p>\n\n\n\n<p>Imi\u0119 i nazwisko: <strong>Tomasz Kaczmarek<\/strong><br><em>Andr\u00e9 de Lorde et son th\u00e9\u00e2tre de la peur<\/em><br>Wydawnictwo Uniwersytetu \u0141\u00f3dzkiego, \u0141\u00f3d\u017a 2019.<\/p>\n\n\n\n<p>Imi\u0119 i nazwisko: <strong>Miros\u0142aw Loba, Barbara \u0141uczak (r\u00e9d.)<\/strong><br><em>Formes du vivant, formes de litt\u00e9rature<\/em><br>Wydawnictwo Naukowe UAM, Pozna\u0144 2019.<\/p>\n\n\n\n<p>Imi\u0119 i nazwisko: <strong>Miros\u0142aw Loba, Marta Sukiennicka (r\u00e9d.)<\/strong><br><em>Histoire et imagination M\u00e9langes offerts \u00e0 Wies\u0142aw Mateusz Malinowski<\/em><br>Wydawnictwo Naukowe UAM, Pozna\u0144 2019.<\/p>\n\n\n\n<p>Imi\u0119 i nazwisko: <strong>Wiosna Szuka\u0142a, Patrycja Tomczak, Judyta Wachowska (r\u00e9d.)<\/strong><br><em>Ksi\u0105\u017cka dla Julia. Cort\u00e1zar po latach<\/em><br>Wydawnictwo Naukowe UAM, Pozna\u0144 2019.<\/p>\n\n\n\n<p>Imi\u0119 i nazwisko: <strong>Katarzyna Karpi\u0144ska-Szaj, Bernadeta Wojciechowska<\/strong><br><em>Studia Romanica Posnaniensia, Tom 46 Nr 2 (2019): La narration en didactique des langues<\/em><\/p>\n\n\n\n<p>Imi\u0119 i nazwisko: <strong>Gra\u017cyna Vetulani<\/strong><br><em>Studia Romanica Posnaniensia, Tom 46 Nr 1 (2019): Les \u00e9tudes comparatives des points de vue synchronique et diachronique<\/em><\/p>\n\n\n\n<p>Imi\u0119 i nazwisko: <strong>Ma\u0142gorzata Kamecka<\/strong><br><em>Pami\u0119\u0107 i to\u017csamo\u015b\u0107 w postkolonialnym kinie francuskim, Instytut Filologii Polskiej<\/em><\/p>\n\n\n\n<p>Imi\u0119 i nazwisko: <strong>Ewa Urbaniak-Rybicka, Anna \u017burawska (r\u00e9d.)<\/strong><br><em>\u201eTransCanadiana\u201d, Conflicts, Confrontations, Combats \/ Canada in the Face of Wars Conflits, confrontations, combats. Le Canada face aux guerres, vol. 9\/ 2017.<\/em><\/p>\n\n\n\n<p>Imi\u0119 i nazwisko: <strong>J. Rachwalska von Rejchwald, A, Maziarczyk (r\u00e9d.)<\/strong><br><em>Lublin Studies in Moderne Languages and Literature (Litt\u00e9rature, politique, \u00e9conomie: convergences et interf\u00e9rences), vol, 43, n1\/2019<\/em><\/p>\n\n\n\n<p>Imi\u0119 i nazwisko : <strong>Edyta Kociubi\u0144ska, Judyta Niedokos ( r\u00e9d.)<\/strong><br><em>\u00ab Ma\u00eetre(s) et disciple(s) \u00bb, Qu\u00eates litt\u00e9raires, n\u02da 9, 2019<\/em><\/p>\n\n\n\n<p>Imi\u0119 i nazwisko : <strong>Anna Ledwina (r\u00e9d.)<\/strong><br><em>L&rsquo;enfant dans la litt\u00e9rature d&rsquo;expression fran\u00e7aise et francophone,<\/em> Wydawnictwo Uniwersytetu Opolskiego, Opole 2019<\/p>\n\n\n\n<p>Imi\u0119 i nazwisko : <strong>Anna Ledwina<\/strong><br><em>Du duo vers le trio amoureux : figures beauvoiriennes de l&rsquo;alt\u00e9rit\u00e9, Studia i Monografie &#8211; Uniwersytet Opolski, nr 578, 2019, Uniwersytet Opolski.<\/em><\/p>\n\n\n\n<p>Imi\u0119 i nazwisko : <strong>Krystyna Modrzejewska (r\u00e9d.)<\/strong><br><em>La solitude dans la litt\u00e9rature fran\u00e7aise et francophone, Literaport n\u00b0 6,<\/em><br>Wydawnictwo Uniwersytetu Opolskiego, Opole 2019.<\/p>\n\n\n\n<p>Imi\u0119 i nazwisko : <strong>Anna Kucharska<\/strong><br><em>Mi\u0119dzy klasyczn\u0105 retoryk\u0105 a wsp\u00f3\u0142czesn\u0105 edukacj\u0105 akademick\u0105. Rozprawka w kontek\u015bcie nauczania\/uczenia si\u0119 j\u0119zyka francuskiego jako obcego,<\/em><br>Lublin, Wydawnictwo KUL, 2019.<\/p>\n\n\n\n<p>Imi\u0119 i nazwisko : <strong>Katarzyna Wo\u0142owska<\/strong><br><em>Les facettes de l&rsquo;interpr\u00e9tation multiple, coll. \u00c9tudes de linguistique, litt\u00e9rature et art, vol. 39, Peter Lang, Berlin, 2019.<\/em><\/p>\n\n\n\n<p>Imi\u0119 i nazwisko : <strong>Edyta Kociubi\u0144ska<\/strong><br><em>Le dandysme, de l&rsquo;histoire au mythe, coll. \u00c9tudes de linguistique, litt\u00e9rature et art, vol. 38, Peter Lang, Berlin, 2019.<\/em><\/p>\n\n\n\n<p>Imi\u0119 i nazwisko : <strong>Urszula Paprocka-Piotrowska (dir.),<\/strong><br><em>M\u00e9thodologie dans les recherches en acquisition des langues, Seria 12\/15, nr 9, Lublin, Werset, 2019.<\/em><\/p>\n\n\n\n<p>Imi\u0119 i nazwisko: <strong>Agata Sadkowska -Fidala<\/strong><br><em>Edmond et Jules de Gouncourt en Pologne. 1860-1918,<\/em><br>ATUT, Wroc\u0142aw.<\/p>\n\n\n\n<p>Imi\u0119 i nazwisko : <strong>Agata Sadkowska-Fidala, Tomasz Szyma\u0144ski (r\u00e9d.)<\/strong><br><em>Foi, croyance et incroyance au XIXe si\u00e8cle,<\/em><br>ATUT, Wroc\u0142aw.<\/p>\n\n\n\n<p>Imi\u0119 i nazwisko : <strong>Witold Ucherek, pr\u00e9face de Thomas Szende<\/strong><br><em>Les articles pr\u00e9positionnels en lexicographie bilingue fran\u00e7ais-polonais. Pratiques et propositions d\u2019am\u00e9lioration,<\/em><br>L\u2019Harmattan, Paris.<\/p>\n\n\n\n<p>Imi\u0119 i nazwisko : <strong>El\u017cbieta Biardzka, Greta Komur- Thilloy<\/strong><br><em>Presse \u00e9crite et discours rapport\u00e9. \u00c9tude linguistique et discursive du discours rapport\u00e9 fran\u00e7ais par comparaison avec le polonais<\/em><br>L\u2019Harmattan, Paris.<\/p>\n\n\n\n<p>Imi\u0119 i nazwisko : <strong>Tomasz Szyma\u0144ski<\/strong><br><em>La morale des choses. Sur la th\u00e9orie des correspondances dans l\u2019\u0153uvre de Charles Baudelaire,<\/em><br>Peter Lang, Berlin.<\/p>\n\n\n\n<p>Imi\u0119 i nazwisko : <strong>Jadwiga Cook<\/strong><br><em>Potoczno\u015b\u0107 w przek\u0142adzie dialogu powie\u015bciowego. Na materiale polskich przek\u0142ad\u00f3w wsp\u00f3\u0142czesnej francuskiej prozy powie\u015bciowej, Universitas, Krak\u00f3w.<\/em><\/p>\n\n\n\n<p>Imi\u0119 i nazwisko: <strong>Ewa M. Wierzbowska (r\u00e9d)<\/strong><br><em>Cahiers ERTA 2019\/17, 2019\/18, 2020\/19, 2020\/20<\/em><\/p>\n\n\n\n<p>Imi\u0119 i nazwisko: <strong>Halina Chmiel-Bo\u017cek<\/strong><br>Marionnettes douloureuses. Analyse qualificative et fonctionnelle des personnages dans les drames d&rsquo;Eug\u00e8ne Ionesco.<br>Wydawnictwo Naukowe Uniwersytetu Pedagogicznego, Krak\u00f3w 2019.<\/p>\n\n\n\n<p>Imi\u0119 i nazwisko: <strong>Agnieszka Kukuryk, Przemys\u0142aw Szczur (red.)<\/strong><br>Transgressions. Pour une histoire des pratiques contre-normatives dans les lettres belges francophones (1830-2018).<br>Synergies Pologne 16, 2019.<\/p>\n\n\n\n<p>Imi\u0119 i nazwisko: <strong>Tomasz Chomiszczak, Dorota Walczak-Delanois (red. i t\u0142um.)<\/strong><br>Mi\u0119dzy Sanokiem a Bruksel\u0105. Wspomnienia o Marianie Pankowskim w setn\u0105 rocznic\u0119 urodzin \/ Entre Sanok et Bruxelles. Souvenirs sur Marian Pankowski au centenaire de sa naissance.<br>Wydawnictwo MBL, Sanok-Bruksela 2019.<\/p>\n","protected":false},"excerpt":{"rendered":"<p>Imi\u0119 i nazwisko: Monika Su\u0142kowska (r\u00e9d.)Frazeologia somatyczna w \u0107wiczeniach. Tom 1: J\u0119zyk francuski. Tom 2: J\u0119zyk hiszpa\u0144ski. Tom 3: J\u0119zyk<\/p>\n","protected":false},"author":1,"featured_media":0,"parent":33,"menu_order":0,"comment_status":"closed","ping_status":"closed","template":"","meta":{"footnotes":""},"class_list":["post-39","page","type-page","status-publish","hentry","comments-off"],"_links":{"self":[{"href":"https:\/\/plejada.romanisci.edu.pl\/fr\/wp-json\/wp\/v2\/pages\/39","targetHints":{"allow":["GET"]}}],"collection":[{"href":"https:\/\/plejada.romanisci.edu.pl\/fr\/wp-json\/wp\/v2\/pages"}],"about":[{"href":"https:\/\/plejada.romanisci.edu.pl\/fr\/wp-json\/wp\/v2\/types\/page"}],"author":[{"embeddable":true,"href":"https:\/\/plejada.romanisci.edu.pl\/fr\/wp-json\/wp\/v2\/users\/1"}],"replies":[{"embeddable":true,"href":"https:\/\/plejada.romanisci.edu.pl\/fr\/wp-json\/wp\/v2\/comments?post=39"}],"version-history":[{"count":2,"href":"https:\/\/plejada.romanisci.edu.pl\/fr\/wp-json\/wp\/v2\/pages\/39\/revisions"}],"predecessor-version":[{"id":339,"href":"https:\/\/plejada.romanisci.edu.pl\/fr\/wp-json\/wp\/v2\/pages\/39\/revisions\/339"}],"up":[{"embeddable":true,"href":"https:\/\/plejada.romanisci.edu.pl\/fr\/wp-json\/wp\/v2\/pages\/33"}],"wp:attachment":[{"href":"https:\/\/plejada.romanisci.edu.pl\/fr\/wp-json\/wp\/v2\/media?parent=39"}],"curies":[{"name":"wp","href":"https:\/\/api.w.org\/{rel}","templated":true}]}}

<p>Imię i nazwisko: <strong>Monika Sułkowska (réd.)</strong><br><em>Frazeologia somatyczna w ćwiczeniach. Tom 1: Język francuski. Tom 2: Język hiszpański. Tom 3: Język włoski</em><br>Wyd. UŚ, Katowice.</p>



<p>Imię i nazwisko : <strong>Krzysztof Jarosz (przekład i opracowanie)</strong><br><em>Ananda Devi, Ewa ze swych zgliszcz</em><br>Wydawnictwo w Podwórku &amp; Wyd. UŚ, Gdańsk-Katowice</p>



<p>Imię i nazwisko: <strong>Marta Sobieszewska</strong><br><em>Clarté et précision du discours juridique : procédés référentiels dans les arrêts de la Cour de Cassation, Wydawnictwo UMCS, Lublin</em></p>



<p>Imię i nazwisko: <strong>Sylwia Kucharuk</strong><br><em>Jean Anouilh. En quête de la métathéâtralité, Wydawnictwo UMCS, Lublin</em></p>



<p>Imię i nazwisko: <strong>Alicja Kacprzak</strong><br><em>La néologie de l’adjectif en français actuel</em><br>Wydawnictwo Uniwersytetu Łódzkiego, Łódź 2019.</p>



<p>Imię i nazwisko: <strong>Tomasz Kaczmarek</strong><br><em>André de Lorde et son théâtre de la peur</em><br>Wydawnictwo Uniwersytetu Łódzkiego, Łódź 2019.</p>



<p>Imię i nazwisko: <strong>Mirosław Loba, Barbara Łuczak (réd.)</strong><br><em>Formes du vivant, formes de littérature</em><br>Wydawnictwo Naukowe UAM, Poznań 2019.</p>



<p>Imię i nazwisko: <strong>Mirosław Loba, Marta Sukiennicka (réd.)</strong><br><em>Histoire et imagination Mélanges offerts à Wiesław Mateusz Malinowski</em><br>Wydawnictwo Naukowe UAM, Poznań 2019.</p>



<p>Imię i nazwisko: <strong>Wiosna Szukała, Patrycja Tomczak, Judyta Wachowska (réd.)</strong><br><em>Książka dla Julia. Cortázar po latach</em><br>Wydawnictwo Naukowe UAM, Poznań 2019.</p>



<p>Imię i nazwisko: <strong>Katarzyna Karpińska-Szaj, Bernadeta Wojciechowska</strong><br><em>Studia Romanica Posnaniensia, Tom 46 Nr 2 (2019): La narration en didactique des langues</em></p>



<p>Imię i nazwisko: <strong>Grażyna Vetulani</strong><br><em>Studia Romanica Posnaniensia, Tom 46 Nr 1 (2019): Les études comparatives des points de vue synchronique et diachronique</em></p>



<p>Imię i nazwisko: <strong>Małgorzata Kamecka</strong><br><em>Pamięć i tożsamość w postkolonialnym kinie francuskim, Instytut Filologii Polskiej</em></p>



<p>Imię i nazwisko: <strong>Ewa Urbaniak-Rybicka, Anna Żurawska (réd.)</strong><br><em>„TransCanadiana”, Conflicts, Confrontations, Combats / Canada in the Face of Wars Conflits, confrontations, combats. Le Canada face aux guerres, vol. 9/ 2017.</em></p>



<p>Imię i nazwisko: <strong>J. Rachwalska von Rejchwald, A, Maziarczyk (réd.)</strong><br><em>Lublin Studies in Moderne Languages and Literature (Littérature, politique, économie: convergences et interférences), vol, 43, n1/2019</em></p>



<p>Imię i nazwisko : <strong>Edyta Kociubińska, Judyta Niedokos ( réd.)</strong><br><em>« Maître(s) et disciple(s) », Quêtes littéraires, n˚ 9, 2019</em></p>



<p>Imię i nazwisko : <strong>Anna Ledwina (réd.)</strong><br><em>L&rsquo;enfant dans la littérature d&rsquo;expression française et francophone,</em> Wydawnictwo Uniwersytetu Opolskiego, Opole 2019</p>



<p>Imię i nazwisko : <strong>Anna Ledwina</strong><br><em>Du duo vers le trio amoureux : figures beauvoiriennes de l&rsquo;altérité, Studia i Monografie &#8211; Uniwersytet Opolski, nr 578, 2019, Uniwersytet Opolski.</em></p>



<p>Imię i nazwisko : <strong>Krystyna Modrzejewska (réd.)</strong><br><em>La solitude dans la littérature française et francophone, Literaport n° 6,</em><br>Wydawnictwo Uniwersytetu Opolskiego, Opole 2019.</p>



<p>Imię i nazwisko : <strong>Anna Kucharska</strong><br><em>Między klasyczną retoryką a współczesną edukacją akademicką. Rozprawka w kontekście nauczania/uczenia się języka francuskiego jako obcego,</em><br>Lublin, Wydawnictwo KUL, 2019.</p>



<p>Imię i nazwisko : <strong>Katarzyna Wołowska</strong><br><em>Les facettes de l&rsquo;interprétation multiple, coll. Études de linguistique, littérature et art, vol. 39, Peter Lang, Berlin, 2019.</em></p>



<p>Imię i nazwisko : <strong>Edyta Kociubińska</strong><br><em>Le dandysme, de l&rsquo;histoire au mythe, coll. Études de linguistique, littérature et art, vol. 38, Peter Lang, Berlin, 2019.</em></p>



<p>Imię i nazwisko : <strong>Urszula Paprocka-Piotrowska (dir.),</strong><br><em>Méthodologie dans les recherches en acquisition des langues, Seria 12/15, nr 9, Lublin, Werset, 2019.</em></p>



<p>Imię i nazwisko: <strong>Agata Sadkowska -Fidala</strong><br><em>Edmond et Jules de Gouncourt en Pologne. 1860-1918,</em><br>ATUT, Wrocław.</p>



<p>Imię i nazwisko : <strong>Agata Sadkowska-Fidala, Tomasz Szymański (réd.)</strong><br><em>Foi, croyance et incroyance au XIXe siècle,</em><br>ATUT, Wrocław.</p>



<p>Imię i nazwisko : <strong>Witold Ucherek, préface de Thomas Szende</strong><br><em>Les articles prépositionnels en lexicographie bilingue français-polonais. Pratiques et propositions d’amélioration,</em><br>L’Harmattan, Paris.</p>



<p>Imię i nazwisko : <strong>Elżbieta Biardzka, Greta Komur- Thilloy</strong><br><em>Presse écrite et discours rapporté. Étude linguistique et discursive du discours rapporté français par comparaison avec le polonais</em><br>L’Harmattan, Paris.</p>



<p>Imię i nazwisko : <strong>Tomasz Szymański</strong><br><em>La morale des choses. Sur la théorie des correspondances dans l’œuvre de Charles Baudelaire,</em><br>Peter Lang, Berlin.</p>



<p>Imię i nazwisko : <strong>Jadwiga Cook</strong><br><em>Potoczność w przekładzie dialogu powieściowego. Na materiale polskich przekładów współczesnej francuskiej prozy powieściowej, Universitas, Kraków.</em></p>



<p>Imię i nazwisko: <strong>Ewa M. Wierzbowska (réd)</strong><br><em>Cahiers ERTA 2019/17, 2019/18, 2020/19, 2020/20</em></p>



<p>Imię i nazwisko: <strong>Halina Chmiel-Bożek</strong><br>Marionnettes douloureuses. Analyse qualificative et fonctionnelle des personnages dans les drames d&rsquo;Eugène Ionesco.<br>Wydawnictwo Naukowe Uniwersytetu Pedagogicznego, Kraków 2019.</p>



<p>Imię i nazwisko: <strong>Agnieszka Kukuryk, Przemysław Szczur (red.)</strong><br>Transgressions. Pour une histoire des pratiques contre-normatives dans les lettres belges francophones (1830-2018).<br>Synergies Pologne 16, 2019.</p>



<p>Imię i nazwisko: <strong>Tomasz Chomiszczak, Dorota Walczak-Delanois (red. i tłum.)</strong><br>Między Sanokiem a Brukselą. Wspomnienia o Marianie Pankowskim w setną rocznicę urodzin / Entre Sanok et Bruxelles. Souvenirs sur Marian Pankowski au centenaire de sa naissance.<br>Wydawnictwo MBL, Sanok-Bruksela 2019.</p>

<p>Imię i nazwisko: Monika Sułkowska (réd.)Frazeologia somatyczna w ćwiczeniach. Tom 1: Język francuski. Tom 2: Język hiszpański. Tom 3: Język</p>
