{"id":43,"date":"2021-04-07T15:56:50","date_gmt":"2021-04-07T13:56:50","guid":{"rendered":"http:\/\/plejada.romanisci.edu.pl\/nowa_strona2\/?page_id=43"},"modified":"2021-12-19T23:50:03","modified_gmt":"2021-12-19T22:50:03","slug":"2017-2","status":"publish","type":"page","link":"https:\/\/plejada.romanisci.edu.pl\/fr\/publications\/2017-2\/","title":{"rendered":"2017"},"content":{"rendered":"\n<p>Imi\u0119 i nazwisko : <strong>Krzysztof Jarosz ( r\u00e9d.)<\/strong><br><em>Romanica Silesiana no 12, \u00ab Le p\u00e8re \u00bb,<\/em><br>Presses de l\u2019Universit\u00e9 de Sil\u00e9sie, Katowice, 2017<\/p>\n\n\n\n<p>Imi\u0119 i nazwisko: <strong>Ma\u0142gorzata Posturzy\u0144ska-Bosko<\/strong><br><em>La dynamique du syst\u00e8me des pronoms personnels en moyen fran\u00e7ais: exemple des textes de Christine de Pizan<\/em><br>Wydawnictwo UMCS, Lublin 2017<\/p>\n\n\n\n<p>Imi\u0119 i nazwisko: <strong>Renata Jakubczuk (r\u00e9d.)<\/strong><br><em>Ami(e)s et amiti\u00e9(s) dans les litt\u00e9ratures en langues romanes. M\u00e9langes de litt\u00e9rature offerts \u00e0 Czes\u0142aw Grzesiak<\/em><br>Wydawnictwo Uniwersytetu Marii Curie-Sk\u0142odowskiej, Lublin 2017.<\/p>\n\n\n\n<p>Imi\u0119 i nazwisko: <strong>Magdalena Sowa, Jaros\u0142aw Krajka (r\u00e9d.)<\/strong><br><em>Innovations in Languages for Specific Purposes. Innovations en Langues sur Objectifs Sp\u00e9cifiques<\/em> Peter Lang, Frankfurt a\/M.<\/p>\n\n\n\n<p>Imi\u0119 i nazwisko: <strong>Anita Staro\u0144 i \u0141ukasz Szkopi\u0144ski (opracowanie i redakcja)<\/strong><br><em>Octave Mirbeau, W\u015br\u00f3d nieba [Tytu\u0142 orygina\u0142u: Dans le ciel]<\/em><br>Wydawnictwo Primum Verbum, \u0141\u00f3d\u017a 2017.<\/p>\n\n\n\n<p>Imi\u0119 i nazwisko: <strong>Anita Staro\u0144, Sebastian Zacharow (r\u00e9d.)<\/strong><br><em>\u00catre en minorit\u00e9, \u00eatre minorit\u00e9<\/em><br>Wydawnictwo Uniwersytetu \u0141\u00f3dzkiego, \u0141\u00f3d\u017a 2017.<\/p>\n\n\n\n<p>Imi\u0119 i nazwisko: <strong>Anna Loba (r\u00e9d.)<\/strong><br><em>Ton nom sera reluisant apr\u00e9s toy par longue memoire. \u00c9tudes sur Christine de Pizan, Wydawnictwo Naukowe UAM, Pozna\u0144 2017.<\/em><\/p>\n\n\n\n<p>Imi\u0119 i nazwisko: <strong>Miros\u0142aw Loba, Barbara \u0141uczak, Alfons Gregori (red.)<\/strong><br><em>\u201eLiteratury mniejsze\u00a0\u00bb Europy roma\u0144skiej 3 Po\u015br\u00f3d literatur \u015bwiata<\/em><br>Wydawnictwo Naukowe UAM, Pozna\u0144 2017.<\/p>\n\n\n\n<p>Imi\u0119 i nazwisko: <strong>Bernadeta Wojciechowska<\/strong><br><em>Enseigner les comp\u00e9tences interpr\u00e9tatives \u00e0 l&rsquo;oral. Cadre rh\u00e9torique et g\u00e9n\u00e9rique du d\u00e9bat,<\/em><br>Wydawnictwo Naukowe UAM, Pozna\u0144 2017.<\/p>\n\n\n\n<p>Imi\u0119 i nazwisko: <strong>Renata Bizek-Tatara, Marc Quaghebeur, Joanna Teklik, Judyta Zbierska-Mo\u015bcicka<\/strong><br><em>Belgiem By\u0107 Fikcja i to\u017csamo\u015b\u0107 we francuskoj\u0119zycznej literaturze Belgii (od ko\u0144ca XIX do pocz\u0105tku XXI wieku)<\/em><br>TAiWPN Universitas, Krak\u00f3w 2017.<\/p>\n\n\n\n<p>Imi\u0119 i nazwisko: <strong>Miros\u0142aw Loba, Gis\u00e8le S\u00e9ginger et Barbara \u0141uczak<\/strong><br><em>Studia Romanica Posnaniensia, Tom 44 Nr 4 (2017): Sciences du vivant : imaginaire et discours scientifique. Fin XVIIIe si\u00e8cle \u2013 XIXe si\u00e8cle<\/em><\/p>\n\n\n\n<p>Imi\u0119 i nazwisko: <strong>Jolanta Dyoniziak et Ewa Pirogowska<\/strong><br><em>Studia Romanica Posnaniensia, Tom 44 Nr 3 (2017): Entre l\u2019information et la fiction. Les d\u00e9marches argumentatives dans l\u2019espace m\u00e9diatique<\/em><\/p>\n\n\n\n<p>Imi\u0119 i nazwisko: <strong>Joanna G\u00f3recka et Bernadeta Wojciechowska<\/strong><br><em>Studia Romanica Posnaniensia, Tom 44 Nr 2 (2017): Perspectives discursives dans le d\u00e9veloppement de la comp\u00e9tence de communication en langue \u00e9trang\u00e8re<\/em><\/p>\n\n\n\n<p>Imi\u0119 i nazwisko: <strong>Ma\u0142gorzata Kamecka, Edyta Sacharewicz, Agnieszka W\u0142oczewska (r\u00e9d.)<\/strong><br><em>Spotkanie z bajk\u0105 afryka\u0144sk\u0105<\/em><br>Wydawnictwo Uniwersytetu w Bia\u0142ymstoku, Bia\u0142ystok<\/p>\n\n\n\n<p>Imi\u0119 i nazwisko: <strong>Joanna Cholewa<\/strong><br><em>Structure conceptuelle et \u00e9l\u00e9ments de construction du sens de tomber et de (-)pa\u015b\u0107\/ (-)pada\u0107<\/em><br>Wydawnictwo Uniwersytetu w Bia\u0142ymstoku, Bia\u0142ystok<\/p>\n\n\n\n<p>Imi\u0119 i nazwisko: <strong>Anna G\u0119sicka (r\u00e9d.)<\/strong><br><em>Literatura od kuchni. W kr\u0119gu dawnej kultury kraj\u00f3w roma\u0144skich<\/em><br>Wydawnictwo Adam Marsza\u0142ek, Toru\u0144, 2017.<\/p>\n\n\n\n<p>Imi\u0119 i nazwisko : <strong>Alicja Koziej<\/strong><br><em>Relations ekphrastiques dans la po\u00e9sie contemporaine: Andr\u00e9 du Bouchet et Jacques Dupin,<\/em><br>Wydawnictwo Uniwersytetu Marii Curie-Sk\u0142odowskiej, Lublin, 2017.<\/p>\n\n\n\n<p>Imi\u0119 i nazwisko : <strong>Edyta Kociubi\u0144ska, Judyta Niedokos ( r\u00e9d.)<\/strong><br><em>\u00ab Le silence en mots, les mots en silence \u00bb, Qu\u00eates litt\u00e9raires, n\u02da 7, 2017.<\/em><\/p>\n\n\n\n<p>Imi\u0119 i nazwisko : <strong>Judyta Niedokos<\/strong><br><em>La r\u00e9alisation dramaturgique du pictural dans l\u2019\u0153uvre th\u00e9\u00e2trale de Michel de Ghelderode,<\/em><br>Lublin Wydawnictwo KUL, 2017.<\/p>\n\n\n\n<p>Imi\u0119 i nazwisko : <strong>Anne Isabelle Fran\u00e7ois, Edyta Kociubi\u0144ska, Gilbert Pham-Thanh et Pierre Zoberman (r\u00e9d)<\/strong><br><em>Figures du dandysme, coll. \u00c9tudes de linguistique, litt\u00e9rature et art, vol. 25,<\/em><br>Peter Lang Editions, Frankfurt am Main, 2017.<\/p>\n\n\n\n<p>Imi\u0119 i nazwisko : <strong>Maziarczyk Anna<\/strong><br><em>Reconfigurations romanesques de Minuit : Jean Echenoz, \u00c9ric Chevillard, Tanguy Viel,<\/em><br>Wydawnictwo UMCS, Lublin<\/p>\n\n\n\n<p>Imi\u0119 i nazwisko : <strong>Joanna Kotowska<\/strong><br><em>L&rsquo;eau et la terre dans l&rsquo;univers romanesque de Claude Simon<\/em><br>L\u2019Harmattan, Paris.<\/p>\n\n\n\n<p>Imi\u0119 i nazwisko : <strong>Tomasz Wys\u0142obocki<\/strong><br><em>Po co komu o\u015bwiecenie? Wybrane idee i teksty<\/em><br>LEKSEM, Pruszk\u00f3w k\/\u0141asku.<\/p>\n\n\n\n<p>Imi\u0119 i nazwisko: <strong>Beata Ga\u0142an<\/strong><br><em>La m\u00e9thode d\u2019enseignement \u00e0 distance dans le d\u00e9veloppement de la comp\u00e9tence r\u00e9dactionnelle en langue \u00e9trang\u00e8re<\/em><br>Wyd. U\u015a, Katowice.<\/p>\n\n\n\n<p>Imi\u0119 i nazwisko : <strong>Kaczmarek-Wi\u015bniewska Anna<\/strong><br><em>La vie quotidienne \u00e0 Paris suivant les chroniques d&rsquo;\u00c9mile Zola : un regard oblique, Studia i Monografie &#8211; Uniwersytet Opolski, nr 549, 2017, Uniwersytet Opolski.<\/em><\/p>\n\n\n\n<p>Imi\u0119 i nazwisko : <strong>Modrzejewska Krystyna<\/strong><br><em>Cz\u0142owiek w zwierciadle. Szkice o literaturze francuskiej, Studia i Monografie<\/em><br>Uniwersytet Opolski, nr 550, 2017, Uniwersytet Opolski.<\/p>\n\n\n\n<p>Imi\u0119 i nazwisko : <strong>Tomasz R\u00f3\u017cycki (r\u00e9d.)<\/strong><br><em>La communaut\u00e9 et l\u2019exclusion dans la litt\u00e9rature fran\u00e7aise et francophone, Lit\u00e9raport n\u00b0 4,<\/em><br>Wydawnictwo Uniwersytetu Opolskiego, Opole 2017.<\/p>\n\n\n\n<p>Imi\u0119 i nazwisko: <strong>Ewa M. Wierzbowska (r\u00e9d.)<\/strong><br><em>Cahiers ERTA 2017\/11, 2017\/12<\/em><\/p>\n\n\n\n<p>Imi\u0119 i nazwisko : <strong>Teresa Muryn, Iva Novakova (red.)<\/strong><br>De la phras\u00e9ologie aux genres textuels<br>Synergies Pologne 14, 2017<\/p>\n\n\n\n<p>Imi\u0119 i nazwisko: <strong>Antoine Mar\u00e8s, Wojciech Pra\u017cuch, Inga Kawka (red.)<\/strong><br>Les exil\u00e9s polonais en France et la r\u00e9organisation pacifique de l&rsquo;Europe (1940\u20131989)<br>Peter Lang, Frankfurt am Main 2017, 376 s.<\/p>\n\n\n\n<p>Imi\u0119 i nazwisko: <strong>Antoine Mar\u00e8s, Wojciech Pra\u017cuch, Inga Kawka (red.)<\/strong><br>Exils d\u2019Europe m\u00e9diane en France dans la seconde moiti\u00e9 du XXe si\u00e8cle, wyd. Institut d\u2019\u00c9tudes slaves, Paris 2017, 248 s.<\/p>\n","protected":false},"excerpt":{"rendered":"<p>Imi\u0119 i nazwisko : Krzysztof Jarosz ( r\u00e9d.)Romanica Silesiana no 12, \u00ab Le p\u00e8re \u00bb,Presses de l\u2019Universit\u00e9 de Sil\u00e9sie, Katowice,<\/p>\n","protected":false},"author":1,"featured_media":0,"parent":33,"menu_order":0,"comment_status":"closed","ping_status":"closed","template":"","meta":{"footnotes":""},"class_list":["post-43","page","type-page","status-publish","hentry","comments-off"],"_links":{"self":[{"href":"https:\/\/plejada.romanisci.edu.pl\/fr\/wp-json\/wp\/v2\/pages\/43","targetHints":{"allow":["GET"]}}],"collection":[{"href":"https:\/\/plejada.romanisci.edu.pl\/fr\/wp-json\/wp\/v2\/pages"}],"about":[{"href":"https:\/\/plejada.romanisci.edu.pl\/fr\/wp-json\/wp\/v2\/types\/page"}],"author":[{"embeddable":true,"href":"https:\/\/plejada.romanisci.edu.pl\/fr\/wp-json\/wp\/v2\/users\/1"}],"replies":[{"embeddable":true,"href":"https:\/\/plejada.romanisci.edu.pl\/fr\/wp-json\/wp\/v2\/comments?post=43"}],"version-history":[{"count":2,"href":"https:\/\/plejada.romanisci.edu.pl\/fr\/wp-json\/wp\/v2\/pages\/43\/revisions"}],"predecessor-version":[{"id":342,"href":"https:\/\/plejada.romanisci.edu.pl\/fr\/wp-json\/wp\/v2\/pages\/43\/revisions\/342"}],"up":[{"embeddable":true,"href":"https:\/\/plejada.romanisci.edu.pl\/fr\/wp-json\/wp\/v2\/pages\/33"}],"wp:attachment":[{"href":"https:\/\/plejada.romanisci.edu.pl\/fr\/wp-json\/wp\/v2\/media?parent=43"}],"curies":[{"name":"wp","href":"https:\/\/api.w.org\/{rel}","templated":true}]}}

<p>Imię i nazwisko : <strong>Krzysztof Jarosz ( réd.)</strong><br><em>Romanica Silesiana no 12, « Le père »,</em><br>Presses de l’Université de Silésie, Katowice, 2017</p>



<p>Imię i nazwisko: <strong>Małgorzata Posturzyńska-Bosko</strong><br><em>La dynamique du système des pronoms personnels en moyen français: exemple des textes de Christine de Pizan</em><br>Wydawnictwo UMCS, Lublin 2017</p>



<p>Imię i nazwisko: <strong>Renata Jakubczuk (réd.)</strong><br><em>Ami(e)s et amitié(s) dans les littératures en langues romanes. Mélanges de littérature offerts à Czesław Grzesiak</em><br>Wydawnictwo Uniwersytetu Marii Curie-Skłodowskiej, Lublin 2017.</p>



<p>Imię i nazwisko: <strong>Magdalena Sowa, Jarosław Krajka (réd.)</strong><br><em>Innovations in Languages for Specific Purposes. Innovations en Langues sur Objectifs Spécifiques</em> Peter Lang, Frankfurt a/M.</p>



<p>Imię i nazwisko: <strong>Anita Staroń i Łukasz Szkopiński (opracowanie i redakcja)</strong><br><em>Octave Mirbeau, Wśród nieba [Tytuł oryginału: Dans le ciel]</em><br>Wydawnictwo Primum Verbum, Łódź 2017.</p>



<p>Imię i nazwisko: <strong>Anita Staroń, Sebastian Zacharow (réd.)</strong><br><em>Être en minorité, être minorité</em><br>Wydawnictwo Uniwersytetu Łódzkiego, Łódź 2017.</p>



<p>Imię i nazwisko: <strong>Anna Loba (réd.)</strong><br><em>Ton nom sera reluisant aprés toy par longue memoire. Études sur Christine de Pizan, Wydawnictwo Naukowe UAM, Poznań 2017.</em></p>



<p>Imię i nazwisko: <strong>Mirosław Loba, Barbara Łuczak, Alfons Gregori (red.)</strong><br><em>„Literatury mniejsze » Europy romańskiej 3 Pośród literatur świata</em><br>Wydawnictwo Naukowe UAM, Poznań 2017.</p>



<p>Imię i nazwisko: <strong>Bernadeta Wojciechowska</strong><br><em>Enseigner les compétences interprétatives à l&rsquo;oral. Cadre rhétorique et générique du débat,</em><br>Wydawnictwo Naukowe UAM, Poznań 2017.</p>



<p>Imię i nazwisko: <strong>Renata Bizek-Tatara, Marc Quaghebeur, Joanna Teklik, Judyta Zbierska-Mościcka</strong><br><em>Belgiem Być Fikcja i tożsamość we francuskojęzycznej literaturze Belgii (od końca XIX do początku XXI wieku)</em><br>TAiWPN Universitas, Kraków 2017.</p>



<p>Imię i nazwisko: <strong>Mirosław Loba, Gisèle Séginger et Barbara Łuczak</strong><br><em>Studia Romanica Posnaniensia, Tom 44 Nr 4 (2017): Sciences du vivant : imaginaire et discours scientifique. Fin XVIIIe siècle – XIXe siècle</em></p>



<p>Imię i nazwisko: <strong>Jolanta Dyoniziak et Ewa Pirogowska</strong><br><em>Studia Romanica Posnaniensia, Tom 44 Nr 3 (2017): Entre l’information et la fiction. Les démarches argumentatives dans l’espace médiatique</em></p>



<p>Imię i nazwisko: <strong>Joanna Górecka et Bernadeta Wojciechowska</strong><br><em>Studia Romanica Posnaniensia, Tom 44 Nr 2 (2017): Perspectives discursives dans le développement de la compétence de communication en langue étrangère</em></p>



<p>Imię i nazwisko: <strong>Małgorzata Kamecka, Edyta Sacharewicz, Agnieszka Włoczewska (réd.)</strong><br><em>Spotkanie z bajką afrykańską</em><br>Wydawnictwo Uniwersytetu w Białymstoku, Białystok</p>



<p>Imię i nazwisko: <strong>Joanna Cholewa</strong><br><em>Structure conceptuelle et éléments de construction du sens de tomber et de (-)paść/ (-)padać</em><br>Wydawnictwo Uniwersytetu w Białymstoku, Białystok</p>



<p>Imię i nazwisko: <strong>Anna Gęsicka (réd.)</strong><br><em>Literatura od kuchni. W kręgu dawnej kultury krajów romańskich</em><br>Wydawnictwo Adam Marszałek, Toruń, 2017.</p>



<p>Imię i nazwisko : <strong>Alicja Koziej</strong><br><em>Relations ekphrastiques dans la poésie contemporaine: André du Bouchet et Jacques Dupin,</em><br>Wydawnictwo Uniwersytetu Marii Curie-Skłodowskiej, Lublin, 2017.</p>



<p>Imię i nazwisko : <strong>Edyta Kociubińska, Judyta Niedokos ( réd.)</strong><br><em>« Le silence en mots, les mots en silence », Quêtes littéraires, n˚ 7, 2017.</em></p>



<p>Imię i nazwisko : <strong>Judyta Niedokos</strong><br><em>La réalisation dramaturgique du pictural dans l’œuvre théâtrale de Michel de Ghelderode,</em><br>Lublin Wydawnictwo KUL, 2017.</p>



<p>Imię i nazwisko : <strong>Anne Isabelle François, Edyta Kociubińska, Gilbert Pham-Thanh et Pierre Zoberman (réd)</strong><br><em>Figures du dandysme, coll. Études de linguistique, littérature et art, vol. 25,</em><br>Peter Lang Editions, Frankfurt am Main, 2017.</p>



<p>Imię i nazwisko : <strong>Maziarczyk Anna</strong><br><em>Reconfigurations romanesques de Minuit : Jean Echenoz, Éric Chevillard, Tanguy Viel,</em><br>Wydawnictwo UMCS, Lublin</p>



<p>Imię i nazwisko : <strong>Joanna Kotowska</strong><br><em>L&rsquo;eau et la terre dans l&rsquo;univers romanesque de Claude Simon</em><br>L’Harmattan, Paris.</p>



<p>Imię i nazwisko : <strong>Tomasz Wysłobocki</strong><br><em>Po co komu oświecenie? Wybrane idee i teksty</em><br>LEKSEM, Pruszków k/Łasku.</p>



<p>Imię i nazwisko: <strong>Beata Gałan</strong><br><em>La méthode d’enseignement à distance dans le développement de la compétence rédactionnelle en langue étrangère</em><br>Wyd. UŚ, Katowice.</p>



<p>Imię i nazwisko : <strong>Kaczmarek-Wiśniewska Anna</strong><br><em>La vie quotidienne à Paris suivant les chroniques d&rsquo;Émile Zola : un regard oblique, Studia i Monografie &#8211; Uniwersytet Opolski, nr 549, 2017, Uniwersytet Opolski.</em></p>



<p>Imię i nazwisko : <strong>Modrzejewska Krystyna</strong><br><em>Człowiek w zwierciadle. Szkice o literaturze francuskiej, Studia i Monografie</em><br>Uniwersytet Opolski, nr 550, 2017, Uniwersytet Opolski.</p>



<p>Imię i nazwisko : <strong>Tomasz Różycki (réd.)</strong><br><em>La communauté et l’exclusion dans la littérature française et francophone, Litéraport n° 4,</em><br>Wydawnictwo Uniwersytetu Opolskiego, Opole 2017.</p>



<p>Imię i nazwisko: <strong>Ewa M. Wierzbowska (réd.)</strong><br><em>Cahiers ERTA 2017/11, 2017/12</em></p>



<p>Imię i nazwisko : <strong>Teresa Muryn, Iva Novakova (red.)</strong><br>De la phraséologie aux genres textuels<br>Synergies Pologne 14, 2017</p>



<p>Imię i nazwisko: <strong>Antoine Marès, Wojciech Prażuch, Inga Kawka (red.)</strong><br>Les exilés polonais en France et la réorganisation pacifique de l&rsquo;Europe (1940–1989)<br>Peter Lang, Frankfurt am Main 2017, 376 s.</p>



<p>Imię i nazwisko: <strong>Antoine Marès, Wojciech Prażuch, Inga Kawka (red.)</strong><br>Exils d’Europe médiane en France dans la seconde moitié du XXe siècle, wyd. Institut d’Études slaves, Paris 2017, 248 s.</p>

<p>Imię i nazwisko : Krzysztof Jarosz ( réd.)Romanica Silesiana no 12, « Le père »,Presses de l’Université de Silésie, Katowice,</p>
