{"id":71,"date":"2021-04-14T07:36:32","date_gmt":"2021-04-14T05:36:32","guid":{"rendered":"http:\/\/plejada.romanisci.edu.pl\/nowa_strona2\/?page_id=71"},"modified":"2021-04-14T07:37:20","modified_gmt":"2021-04-14T05:37:20","slug":"2004-2","status":"publish","type":"page","link":"https:\/\/plejada.romanisci.edu.pl\/fr\/publications\/2004-2\/","title":{"rendered":"2004"},"content":{"rendered":"\n<p>Imi\u0119 i nazwisko: <strong>Justyna Ziarkowska<\/strong><br>W gor\u0105czce. Krytyka literacka Maurycego Mochnackiego i Mariana Jos\u00e9 de Larra<br>Dolno\u015bl\u0105skie Wydawnictwo Edukacyjne, Wroc\u0142aw<br><br>Imi\u0119 i nazwisko: <strong>Justyna \u0141ukaszewicz, Davide Artico (red.)<\/strong><br>Il viaggio come realt\u00e0 e come metafora<br>Oficyna Wydawnicza Leksem, \u0141ask<br><br>Imi\u0119 i nazwisko: <strong>Maja Paw\u0142owska (red.)<\/strong><br>G\u0142os kobiecy, g\u0142os m\u0119ski &#8211; Obcy w dawnych literaturach roma\u0144skich<br>Dolno\u015bl\u0105skie Wydawnictwo Edukacyjne, Wroc\u0142aw<br><br>Imi\u0119 i nazwisko: <strong>El\u017cbieta Skibi\u0144ska (red.)<\/strong><br>Gombrowicz i t\u0142umacze<br>Oficyna Wydawnicza Leksem, \u0141ask<\/p>\n\n\n\n<p>Imi\u0119 i nazwisko: <strong>Barbara Obtu\u0142owicz<\/strong><br>Kobieta hiszpa\u0144ska w dobie kszta\u0142towania si\u0119 spo\u0142ecze\u0144stwa liberalnego<br>Wydawnictwo Naukowe AP, Krak\u00f3w<br><br>Imi\u0119 i nazwisko: <strong>Izabela Pozierak-Trybisz<\/strong><br>Champ s\u00e9mantique de notions de \u201echangement\u201d et de \u201edevenir\u201d<br>Atelier national de reproduction des th\u00e8ses, Lille<br><br>Imi\u0119 i nazwisko: <strong>Wies\u0142aw Malinowski, J\u00f3zef Sypnicki (Red.)<\/strong><br>Studia Romanica Posnaniensia XXXI<br>Wydawnictwo Naukowe UAM<\/p>\n\n\n\n<p>Imi\u0119 i nazwisko: <strong>Bohdan Bogacki, Teresa Giermak-Zieli\u0144ska (Red.)<\/strong><br>La linguistique romane en Pologne: mill\u00e9sime 2004<br>Leksem<\/p>\n\n\n\n<p>Imi\u0119 i nazwisko: <strong>Wanda Jadacka<\/strong><br>Les infinitifs a sujet z\u00e9ro dans le fran\u00e7ais contemporain<br>Semper<\/p>\n\n\n\n<p>Imi\u0119 i nazwisko: <strong>Wies\u0142aw Kroker<\/strong><br>La pens\u00e9e critique de Georges Poulet<br>Uniwersytet Warszawski. Instytut Romanistyki<\/p>\n\n\n\n<p>Imi\u0119 i nazwisko: <strong>Zbigniew Naliwajek, Witold Pietrzak (Red.)<\/strong><br>Litt\u00e9rature de la misere, misere de la litt\u00e9rature<br>Wydawnictwo Uniwersytetu \u0141\u00f3dzkiego<\/p>\n\n\n\n<p>Imi\u0119 i nazwisko: <strong>Jolanta Zaj\u0105c<\/strong><br>Du communicatif au discursif: apports de la pragmatique du discours a la didactique des langues \u00e9trang\u00e8res<br>Uniwersytet Warszawski. Instytut Romanistyki<\/p>\n\n\n\n<p>Imi\u0119 i nazwisko: <strong>Izabela Zatorska<\/strong><br>Discours colonial, discours utopique<br>Zak\u0142ady Graficzne UW<\/p>\n\n\n\n<p>Imi\u0119 i nazwisko: <strong>Wies\u0142aw Bany\u015b (Red.)<\/strong><br>Neophilologica, t. 16<br>Wydawnictwo Uniwersytetu \u015al\u0105skiego<\/p>\n\n\n\n<p>Imi\u0119 i nazwisko: <strong>Justyna \u0141ukaszewicz, Stefan Kaufman (Red.)<\/strong><br>Romanica Wratislaviensia LI<br>Wydawnictwo Uniwersytetu Wroclawskiego<\/p>\n\n\n\n<p>Imi\u0119 i nazwisko: <strong>Maja Paw\u0142owska (Red.)<\/strong><br>G\u0142os kobiecy, g\u0142os m\u0119ski. Obcy w dawnych literaturach roma\u0144skich<br>Dolno\u015bl\u0105skie Wydawnictwo Edukacyjne<\/p>\n\n\n\n<p>Imi\u0119 i nazwisko: <strong>El\u017cbieta Skibi\u0144ska (Red.)<\/strong><br>Gombrowicz i t\u0142umacze<br>Oficyna Wydawnicza Leksem<\/p>\n\n\n\n<p>Imi\u0119 i nazwisko: <strong>Ma\u0142gorzata Tryuk<\/strong><br>L&rsquo;interpr\u00e9tation communautaire. Des normes et des r\u00f4les dans l&rsquo;interpr\u00e9tation<br>TEPIS<\/p>\n\n\n\n<p>Komitet Redakcyjny : <strong>Ewa Bara\u0144ska (Redaktor Naczelny), Pawe\u0142 Matyaszewski, Urszula Paprocka-Piotrowska (Sekretarz), Alfons Pilorz.<\/strong><br>Roczniki Humanistyczne, tom LII, zeszyt 5<br>Towarzystwo Naukowe KUL<\/p>\n\n\n\n<p>Imi\u0119 i nazwisko: <strong>Mieczys\u0142aw Gajos<\/strong><br>Procedury tworzenia skr\u00f3conych form leksykalnych w j\u0119zyku francuskim<br>Wydawnictwo Uniwersytetu \u0141\u00f3dzkiego<\/p>\n\n\n\n<p>Imi\u0119 i nazwisko: <strong>Magdalena Lipi\u0144ska<\/strong><br>L&rsquo;\u00e9quivalence des proverbes polonais et des proverbes fran\u00e7ais<br>Wydawnictwo Uniwersytetu \u0141\u00f3dzkiego<\/p>\n\n\n\n<p>Imi\u0119 i nazwisko: <strong>Zbigniew Naliwajek, Witold Pietrzak (Red.)<\/strong><br>Litt\u00e9rature de la mis\u00e8re. Mis\u00e8re de la litt\u00e9rature. Actes du colloque franco-polonais, 18 et 19 septembre 2000. \u0141\u00f3d\u017a<br>Wydawnictwo Uniwersytetu \u0141\u00f3dzkiego<\/p>\n\n\n\n<p>Imi\u0119 i nazwisko: <strong>Wiaczes\u0142aw Nowikow, J\u00f3zef Sypnicki (Red.)<\/strong><br>El verbo y su entorno: gram\u00e1tica, l\u00e9xico, texto. Materia\u0142y z Mi\u0119dzynarodowego Kongresu Lingwistycznego, Pozna\u0144, 22-24 V 2003.<br>Wydawnictwo Naukowe UAM<\/p>\n\n\n\n<p>Imi\u0119 i nazwisko: <strong>Alicja Sobczak, Bo\u017cena Jurkiewicz, Aleksandra Ratuszniak<\/strong><br>J\u0119zyk francuski. Matura 2005. Poziom podstawowy<br>Wydawnictwo Szkolne OMEGA<\/p>\n\n\n\n<p>Imi\u0119 i nazwisko: <strong>Alicja Sobczak, Aleksandra Ratuszniak<\/strong><br>J\u0119zyk francuski. Matura 2005. Poziom rozszerzony<br>Wydawnictwo Szkolne OMEGA<\/p>\n\n\n\n<p>Imi\u0119 i nazwisko: <strong>Alicja Sobczak, Bo\u017cena Jurkiewicz, Aleksandra Ratuszniak<\/strong><br>J\u0119zyk francuski. Matura 2006<br>Wydawnictwo Szkolne OMEGA<\/p>\n\n\n\n<p>Imi\u0119 i nazwisko: <strong>Krystyna Modrzejewska<\/strong><br>Posta\u0107 m\u0119ska we francuskim dramacie XX wieku<br>Wydawnictwo Uniwersytetu Opolskiego<\/p>\n\n\n\n<p>Imi\u0119 i nazwisko: <strong>Stanis\u0142aw Karolak (Red.)<\/strong><br>Studia Kognitywne, vol.6<br>Slawistyczny O\u015brodek Wydawniczy<\/p>\n\n\n\n<p>Imi\u0119 i nazwisko: <strong>Stanis\u0142aw Karolak<\/strong><br>Rodzajnik francuski w uj\u0119ciu funkcjonalnym, t.1<br>Collegium Columbianum<\/p>\n\n\n\n<p>Imi\u0119 i nazwisko: <strong>Ma\u0142gorzata Nowakowska<\/strong><br>Rodzajnik francuski w uj\u0119ciu funkcjonalnym, t.2<br>Collegium Columbianum<\/p>\n\n\n\n<p>Imi\u0119 i nazwisko: <strong>Ma\u0142gorzata Nowakowska<\/strong><br>Les adjectifs de relation employ\u00e9s attributivement<br>Wydawnictwo Naukowe AP<\/p>\n\n\n\n<p>Imi\u0119 i nazwisko: <strong>Jerzy Lis, Teresa Tomaszkiewicz (Red.)<\/strong><br>\u00c9changes : cr\u00e9er, interpr\u00e9ter, traduire, enseigner<br>Oficyna Wydawnicza Leksem<\/p>\n\n\n\n<p>Imi\u0119 i nazwisko: <strong>Teresa Tomaszkiewicz<\/strong><br>Terminologia t\u0142umaczenia<br>Wydawnictwo Naukowe UAM<\/p>\n\n\n\n<p>Imi\u0119 i nazwisko: <strong>Katarzyna Dybe\u0142<\/strong><br>\u00catre heureux au Moyen \u00c2ge: d\u2019apr\u00e8s le roman arthurien en prose du XIIIe si\u00e8cle<br>Peeters, Louvain<\/p>\n\n\n\n<p>Imi\u0119 i nazwisko: <strong>Barbara Sosie\u0144<\/strong><br>L\u2019homme romantique et l\u2019espace: sous le signe d\u2019Icare (Gautier et Nerval)<br>Ksi\u0119garnia Akademicka, Krak\u00f3w<\/p>\n\n\n\n<p>Imi\u0119 i nazwisko: <strong>Czes\u0142aw Grzesiak (Red.)<\/strong><br>tom pokonferencyjny<br>Statut et fonctions des domestiques dans les litt\u00e9ratures romanes<br>Wydawnictwo UMCS<\/p>\n\n\n\n<p>Imi\u0119 i nazwisko: <strong>Witold Stefa\u0144ski (Red.)<\/strong><br>Studia Romanica et Linguistica Thorunensia<br>Wydawnictwo UMK<\/p>\n\n\n\n<p>Imi\u0119 i nazwisko: <strong>Witold Stefa\u0144ski (Red.)<\/strong><br>Studia Romanica et Linguistica Thorunensia , nr 4<br>Wydawnictwo UMK<\/p>\n","protected":false},"excerpt":{"rendered":"<p>Imi\u0119 i nazwisko: Justyna ZiarkowskaW gor\u0105czce. Krytyka literacka Maurycego Mochnackiego i Mariana Jos\u00e9 de LarraDolno\u015bl\u0105skie Wydawnictwo Edukacyjne, Wroc\u0142aw Imi\u0119 i<\/p>\n","protected":false},"author":1,"featured_media":0,"parent":33,"menu_order":0,"comment_status":"closed","ping_status":"closed","template":"","meta":{"footnotes":""},"class_list":["post-71","page","type-page","status-publish","hentry","comments-off"],"_links":{"self":[{"href":"https:\/\/plejada.romanisci.edu.pl\/fr\/wp-json\/wp\/v2\/pages\/71","targetHints":{"allow":["GET"]}}],"collection":[{"href":"https:\/\/plejada.romanisci.edu.pl\/fr\/wp-json\/wp\/v2\/pages"}],"about":[{"href":"https:\/\/plejada.romanisci.edu.pl\/fr\/wp-json\/wp\/v2\/types\/page"}],"author":[{"embeddable":true,"href":"https:\/\/plejada.romanisci.edu.pl\/fr\/wp-json\/wp\/v2\/users\/1"}],"replies":[{"embeddable":true,"href":"https:\/\/plejada.romanisci.edu.pl\/fr\/wp-json\/wp\/v2\/comments?post=71"}],"version-history":[{"count":1,"href":"https:\/\/plejada.romanisci.edu.pl\/fr\/wp-json\/wp\/v2\/pages\/71\/revisions"}],"predecessor-version":[{"id":72,"href":"https:\/\/plejada.romanisci.edu.pl\/fr\/wp-json\/wp\/v2\/pages\/71\/revisions\/72"}],"up":[{"embeddable":true,"href":"https:\/\/plejada.romanisci.edu.pl\/fr\/wp-json\/wp\/v2\/pages\/33"}],"wp:attachment":[{"href":"https:\/\/plejada.romanisci.edu.pl\/fr\/wp-json\/wp\/v2\/media?parent=71"}],"curies":[{"name":"wp","href":"https:\/\/api.w.org\/{rel}","templated":true}]}}

<p>Imię i nazwisko: <strong>Justyna Ziarkowska</strong><br>W gorączce. Krytyka literacka Maurycego Mochnackiego i Mariana José de Larra<br>Dolnośląskie Wydawnictwo Edukacyjne, Wrocław<br><br>Imię i nazwisko: <strong>Justyna Łukaszewicz, Davide Artico (red.)</strong><br>Il viaggio come realtà e come metafora<br>Oficyna Wydawnicza Leksem, Łask<br><br>Imię i nazwisko: <strong>Maja Pawłowska (red.)</strong><br>Głos kobiecy, głos męski &#8211; Obcy w dawnych literaturach romańskich<br>Dolnośląskie Wydawnictwo Edukacyjne, Wrocław<br><br>Imię i nazwisko: <strong>Elżbieta Skibińska (red.)</strong><br>Gombrowicz i tłumacze<br>Oficyna Wydawnicza Leksem, Łask</p>



<p>Imię i nazwisko: <strong>Barbara Obtułowicz</strong><br>Kobieta hiszpańska w dobie kształtowania się społeczeństwa liberalnego<br>Wydawnictwo Naukowe AP, Kraków<br><br>Imię i nazwisko: <strong>Izabela Pozierak-Trybisz</strong><br>Champ sémantique de notions de „changement” et de „devenir”<br>Atelier national de reproduction des thèses, Lille<br><br>Imię i nazwisko: <strong>Wiesław Malinowski, Józef Sypnicki (Red.)</strong><br>Studia Romanica Posnaniensia XXXI<br>Wydawnictwo Naukowe UAM</p>



<p>Imię i nazwisko: <strong>Bohdan Bogacki, Teresa Giermak-Zielińska (Red.)</strong><br>La linguistique romane en Pologne: millésime 2004<br>Leksem</p>



<p>Imię i nazwisko: <strong>Wanda Jadacka</strong><br>Les infinitifs a sujet zéro dans le français contemporain<br>Semper</p>



<p>Imię i nazwisko: <strong>Wiesław Kroker</strong><br>La pensée critique de Georges Poulet<br>Uniwersytet Warszawski. Instytut Romanistyki</p>



<p>Imię i nazwisko: <strong>Zbigniew Naliwajek, Witold Pietrzak (Red.)</strong><br>Littérature de la misere, misere de la littérature<br>Wydawnictwo Uniwersytetu Łódzkiego</p>



<p>Imię i nazwisko: <strong>Jolanta Zając</strong><br>Du communicatif au discursif: apports de la pragmatique du discours a la didactique des langues étrangères<br>Uniwersytet Warszawski. Instytut Romanistyki</p>



<p>Imię i nazwisko: <strong>Izabela Zatorska</strong><br>Discours colonial, discours utopique<br>Zakłady Graficzne UW</p>



<p>Imię i nazwisko: <strong>Wiesław Banyś (Red.)</strong><br>Neophilologica, t. 16<br>Wydawnictwo Uniwersytetu Śląskiego</p>



<p>Imię i nazwisko: <strong>Justyna Łukaszewicz, Stefan Kaufman (Red.)</strong><br>Romanica Wratislaviensia LI<br>Wydawnictwo Uniwersytetu Wroclawskiego</p>



<p>Imię i nazwisko: <strong>Maja Pawłowska (Red.)</strong><br>Głos kobiecy, głos męski. Obcy w dawnych literaturach romańskich<br>Dolnośląskie Wydawnictwo Edukacyjne</p>



<p>Imię i nazwisko: <strong>Elżbieta Skibińska (Red.)</strong><br>Gombrowicz i tłumacze<br>Oficyna Wydawnicza Leksem</p>



<p>Imię i nazwisko: <strong>Małgorzata Tryuk</strong><br>L&rsquo;interprétation communautaire. Des normes et des rôles dans l&rsquo;interprétation<br>TEPIS</p>



<p>Komitet Redakcyjny : <strong>Ewa Barańska (Redaktor Naczelny), Paweł Matyaszewski, Urszula Paprocka-Piotrowska (Sekretarz), Alfons Pilorz.</strong><br>Roczniki Humanistyczne, tom LII, zeszyt 5<br>Towarzystwo Naukowe KUL</p>



<p>Imię i nazwisko: <strong>Mieczysław Gajos</strong><br>Procedury tworzenia skróconych form leksykalnych w języku francuskim<br>Wydawnictwo Uniwersytetu Łódzkiego</p>



<p>Imię i nazwisko: <strong>Magdalena Lipińska</strong><br>L&rsquo;équivalence des proverbes polonais et des proverbes français<br>Wydawnictwo Uniwersytetu Łódzkiego</p>



<p>Imię i nazwisko: <strong>Zbigniew Naliwajek, Witold Pietrzak (Red.)</strong><br>Littérature de la misère. Misère de la littérature. Actes du colloque franco-polonais, 18 et 19 septembre 2000. Łódź<br>Wydawnictwo Uniwersytetu Łódzkiego</p>



<p>Imię i nazwisko: <strong>Wiaczesław Nowikow, Józef Sypnicki (Red.)</strong><br>El verbo y su entorno: gramática, léxico, texto. Materiały z Międzynarodowego Kongresu Lingwistycznego, Poznań, 22-24 V 2003.<br>Wydawnictwo Naukowe UAM</p>



<p>Imię i nazwisko: <strong>Alicja Sobczak, Bożena Jurkiewicz, Aleksandra Ratuszniak</strong><br>Język francuski. Matura 2005. Poziom podstawowy<br>Wydawnictwo Szkolne OMEGA</p>



<p>Imię i nazwisko: <strong>Alicja Sobczak, Aleksandra Ratuszniak</strong><br>Język francuski. Matura 2005. Poziom rozszerzony<br>Wydawnictwo Szkolne OMEGA</p>



<p>Imię i nazwisko: <strong>Alicja Sobczak, Bożena Jurkiewicz, Aleksandra Ratuszniak</strong><br>Język francuski. Matura 2006<br>Wydawnictwo Szkolne OMEGA</p>



<p>Imię i nazwisko: <strong>Krystyna Modrzejewska</strong><br>Postać męska we francuskim dramacie XX wieku<br>Wydawnictwo Uniwersytetu Opolskiego</p>



<p>Imię i nazwisko: <strong>Stanisław Karolak (Red.)</strong><br>Studia Kognitywne, vol.6<br>Slawistyczny Ośrodek Wydawniczy</p>



<p>Imię i nazwisko: <strong>Stanisław Karolak</strong><br>Rodzajnik francuski w ujęciu funkcjonalnym, t.1<br>Collegium Columbianum</p>



<p>Imię i nazwisko: <strong>Małgorzata Nowakowska</strong><br>Rodzajnik francuski w ujęciu funkcjonalnym, t.2<br>Collegium Columbianum</p>



<p>Imię i nazwisko: <strong>Małgorzata Nowakowska</strong><br>Les adjectifs de relation employés attributivement<br>Wydawnictwo Naukowe AP</p>



<p>Imię i nazwisko: <strong>Jerzy Lis, Teresa Tomaszkiewicz (Red.)</strong><br>Échanges : créer, interpréter, traduire, enseigner<br>Oficyna Wydawnicza Leksem</p>



<p>Imię i nazwisko: <strong>Teresa Tomaszkiewicz</strong><br>Terminologia tłumaczenia<br>Wydawnictwo Naukowe UAM</p>



<p>Imię i nazwisko: <strong>Katarzyna Dybeł</strong><br>Être heureux au Moyen Âge: d’après le roman arthurien en prose du XIIIe siècle<br>Peeters, Louvain</p>



<p>Imię i nazwisko: <strong>Barbara Sosień</strong><br>L’homme romantique et l’espace: sous le signe d’Icare (Gautier et Nerval)<br>Księgarnia Akademicka, Kraków</p>



<p>Imię i nazwisko: <strong>Czesław Grzesiak (Red.)</strong><br>tom pokonferencyjny<br>Statut et fonctions des domestiques dans les littératures romanes<br>Wydawnictwo UMCS</p>



<p>Imię i nazwisko: <strong>Witold Stefański (Red.)</strong><br>Studia Romanica et Linguistica Thorunensia<br>Wydawnictwo UMK</p>



<p>Imię i nazwisko: <strong>Witold Stefański (Red.)</strong><br>Studia Romanica et Linguistica Thorunensia , nr 4<br>Wydawnictwo UMK</p>

<p>Imię i nazwisko: Justyna ZiarkowskaW gorączce. Krytyka literacka Maurycego Mochnackiego i Mariana José de LarraDolnośląskie Wydawnictwo Edukacyjne, Wrocław Imię i</p>
